y z(-6)?
22
Suppose 0 = -4*q - 3*d + d + 138, -d - 3 = 0. Calculate the remainder when q is divided by 13.
10
Suppose 0 = -n + 5*n - 48. Calculate the remainder when (4/12)/(4/528) is divided by n.
8
Let h = 8 - -27. Let w be -1*(4 - 2) + -38. Let j = 58 + w. Calculate the remainder when h is divided by j.
17
What is the remainder when 14 is divided by 3/(9/33) + -2?
5
Suppose 5*x = -4*f + 25, -x - 5*f - 5 = 11. What is the remainder when 14 is divided by x?
5
Let s(r) = -r**3 + 5*r**2 - 2*r + 3. Suppose -g + 4 = 1. Suppose 0 = 5*n + g*o + o - 28, -3*n = 2*o - 16. Calculate the remainder when 31 is divided by s(n).
9
Let c(p) = -p**3 - p**2 - p + 12. Let a be c(0). Suppose 0 = -3*b - 3*w - 18, 39 = -5*b - 0*w - 2*w. What is the remainder when 7 is divided by (b/a)/((-1)/4)?
1
Let n(i) = 16*i**2 - i + 1. What is the remainder when n(1) is divided by 9?
7
Let g(i) = 4*i**2 + i - 6. Let s be g(-5). Suppose 0 = -4*c - 5*l + 79, 6*l + s = 4*c + l. Calculate the remainder when 40 is divided by c.
19
Let v(x) = x**3 + 15*x**2 + 14*x + 3. Let n(w) = 6*w + 1. Let f be n(1). Calculate the remainder when 2*f + (1 - 4) is divided by v(-14).
2
Suppose 0 = 15*y - 14*y - 36. Calculate the remainder when y is divided by 1/4 - (-51)/4.
10
What is the remainder when 4290/77 - (-4)/14 is divided by 15?
11
Let p(o) = -o**2 + 3*o + 5. Let x(j) = j**2 - 4*j - 4. Let f(g) = -5*p(g) - 6*x(g). What is the remainder when 38 is divided by f(7)?
12
Let w(l) = -l**2 + 16*l - 11. Let k = -5 - -14. What is the remainder when w(11) is divided by k?
8
Let y = 2 + -2. Suppose y = -2*c + o - 1, 0*o - 9 = 3*c + o. Let f(k) = -k**3 + 3*k**2 + k. Calculate the remainder when 52 is divided by f(c).
16
Suppose -5*y + 0*y = -10. Let w be -5 + (0 + 1 - y). Let r = w + 23. What is the remainder when r is divided by 9?
8
Let m = 4 + 2. What is the remainder when ((-2)/5)/((-2)/110) is divided by m?
4
Suppose -4*h + 9 = 4*r + 1, 7 = h - 4*r. Calculate the remainder when 11 is divided by h.
2
Suppose -2*k + 30 = -4. What is the remainder when 66 is divided by k?
15
Suppose d + d + 3*q = -2, 3*d = q + 8. Suppose -d*r + 19 + 1 = 0. Calculate the remainder when 19 is divided by r.
9
Calculate the remainder when 107 is divided by (-195)/(-9) + (56/6)/7.
15
Calculate the remainder when 21 is divided by 8 - (-4)/(8/6).
10
Suppose 9*k = 334 + 197. Calculate the remainder when k is divided by 12.
11
Suppose 0 = -u + 10 + 8. Let q be (-6)/((-1)/((-20)/(-6))). Suppose q = 3*g - g. Calculate the remainder when u is divided by g.
8
Let k(z) = z**2 - 4*z + 1. Let j be k(3). Let a(y) = 15*y**2 - 2. Calculate the remainder when a(j) is divided by 15.
13
Let c(a) = 5*a - 2. Suppose 3*w + 18 - 48 = 0. What is the remainder when c(4) is divided by w?
8
Let p(u) = 3*u**2 + 21*u - 15. Let s = -78 - -122. What is the remainder when s is divided by p(-8)?
8
Let t = -16 + 34. Let c(w) = w**3 + w - 4. Let j be c(0). Calculate the remainder when 6/j*(-212)/6 is divided by t.
17
Let f(y) = -y**3 - 15. Let g be f(0). What is the remainder when (-876)/g + (-6)/(-10) is divided by -1 + (1 - (-21 - -1))?
19
Let p be 0/(-1 + 4) + 4. Suppose 4*w - 31 = -4*g + 1, 3*w = -p*g + 27. Let o = -4 + w. What is the remainder when 1 is divided by o?
0
Suppose -3 = -t - 1. Suppose 0*d + 28 = t*d. Let v(u) = 3*u**2 - 22*u + 24. What is the remainder when v(8) is divided by d?
12
What is the remainder when 64 is divided by 11/((-1)/(-2)*1)?
20
Let m(k) be the first derivative of -k**3/6 - 3*k**2/2 - 2*k - 1. Let d(z) be the first derivative of m(z). What is the remainder when 2 is divided by d(-4)?
0
Suppose 2*r = 10 + 2. Let t = -12 + 8. Let l = t + r. What is the remainder when 4 is divided by l?
0
Let y(x) = -x + 4. Let r be y(6). Let o = 11 - 3. What is the remainder when o is divided by r/3 - 22/(-6)?
2
Suppose -5*d = n - 22, 0*n - n = -3*d + 10. Suppose -n*w - 3*w = -60. What is the remainder when 35 is divided by w?
11
Let c be (28/5)/((-14)/(-175)). Suppose -3*k = -2*i + 11, i + k - c = -4*i. What is the remainder when 37 is divided by i?
11
Let w = -47 - -90. What is the remainder when w is divided by 23?
20
Let v = 29 + -15. Let d = -2 + v. Calculate the remainder when 45 is divided by d.
9
Suppose -3*a - 4 = 5, 2*h - 4*a - 18 = 0. Suppose 3*u + 2*d = 246, h*u + 2*u - 394 = 2*d. Let n = -46 + u. What is the remainder when n is divided by 12?
10
Let g = -6 - 6. Calculate the remainder when (1*-29)/(6/g) is divided by 30.
28
Let r = 3 + -1. Suppose -10 = z + r*b, -7 - 11 = z + 4*b. What is the remainder when (25/z)/(3/(-6)) is divided by 9?
7
Let c(b) = 2*b**2 - 4*b + 4. Let m be c(6). Suppose -t + 5*u - 41 = -4*t, m = 4*t + 4*u. Calculate the remainder when 35 is divided by t.
11
Let s(h) = 2*h**2 + 19*h + 10. What is the remainder when s(-15) is divided by 45?
40
Suppose 2*z = t + 14, 3*z = 2*z - 2*t + 12. What is the remainder when z is divided by 3?
2
What is the remainder when 228 is divided by ((-51)/68)/((-3)/92)?
21
Suppose -2*s - 1 = -4*l + 29, 0 = 3*l + 5*s + 10. Let q be 1/((-2)/(-6)*1). Suppose 1 = q*c - 5. Calculate the remainder when l is divided by c.
1
Let d = -35 + 50. Calculate the remainder when d is divided by 9.
6
Let o(w) = w**2 - 3*w + 2. Let c be o(-3). What is the remainder when 89 is divided by ((-115)/c)/((-3)/12)?
20
Suppose 2*f - 5*m = 5*f + 15, 2*f + 15 = -5*m. Suppose 0 = 3*z - f*z - 51. Calculate the remainder when 32 is divided by z.
15
Let b(x) = -x + 5. What is the remainder when b(-16) is divided by (-86)/(-7) - 2/7?
9
Let q = -1 + 0. Let v(h) = 4*h + 55. What is the remainder when q - (-1 + 2 + -33) is divided by v(-11)?
9
Suppose 3*t - z = -16, 4 - 20 = 5*t + z. Calculate the remainder when (-36)/(-8)*(-4)/(-6) is divided by (t/(-3))/(8/12).
1
Let q(f) = -5*f - 7. Let m(t) = t**2 + 7*t + 5. Let y be m(-5). Calculate the remainder when 53 is divided by q(y).
17
Suppose -2*x + 12 = 5*t, 2 - 18 = 4*x. What is the remainder when t is divided by (-2)/(-4) - (-3)/2?
0
Let c(k) = -7*k**2 + 2. Let y be c(2). Let i = y + 37. Suppose 0 = 2*n - 7*n + 100. Calculate the remainder when n is divided by i.
9
Let c(n) = n**3 + 2*n**2 - 4*n + 2. Calculate the remainder when c(3) is divided by (1/(-4))/(1/(-36)).
8
Suppose 20*x + 115 = 25*x. Calculate the remainder when 44 is divided by x.
21
Let t = 29 - 49. Let o = t - -47. What is the remainder when o is divided by 7?
6
Let p be ((-12)/(-9))/(1/(-114)). Let v = -94 - p. Suppose 0*j - 20 = -j. Calculate the remainder when v is divided by j.
18
What is the remainder when (-10)/(-4)*(-1312)/(-40) is divided by 17?
14
Let w(z) be the first derivative of 2*z**3/3 + z**2 + z + 1. Let s = -34 + 58. What is the remainder when s is divided by w(-3)?
11
Let l = -2 + 4. What is the remainder when l is divided by 2?
0
Let h = -20 + 70. Suppose -s - 2 - 19 = -p, -4*s + 35 = 3*p. Calculate the remainder when h is divided by p.
16
Let q(c) = c**3 + 7*c**2 - 12*c - 3. Let t = 7 - 15. Suppose -5*m = 2*u - 15, 5*u - 4*m = -3*m + 51. What is the remainder when q(t) is divided by u?
9
Suppose 5*l + 3*m - 311 + 17 = 0, -3*m = -5*l + 306. Let v(g) = g**3 + 8*g**2 - 12*g + 4. Calculate the remainder when l is divided by v(-9).
29
Suppose 3216 = 5*o - 804. What is the remainder when (-2)/(-7) + o/28 is divided by 15?
14
Suppose 64 = 4*t + 4*f, 0 = 8*t - 3*t + 4*f - 85. Suppose -4*a = -a - t. Let x = a + 15. Calculate the remainder when x is divided by 12.
10
Let s = 10 - -1. Suppose 2*u = u + 20. Calculate the remainder when ((-32)/(-10))/(2/u) is divided by s.
10
Let v(d) = d - 1. Let p be v(-4). What is the remainder when 7 is divided by ((-4)/p)/((-8)/(-20))?
1
Suppose 12*z + 224 = 19*z. What is the remainder when 124 is divided by z?
28
Suppose 3*w + 12 = 7*w. What is the remainder when (2/(-6))/(w/(-36)) is divided by 3?
1
Suppose -4*q - 2*a + 112 = -82, -3*q = -2*a - 163. Suppose f = 4*u - 17, 2*f + u - 8 = -q. Calculate the remainder when f*(-2 - (-15)/9) is divided by 4.
3
Let v(b) = b**2 + 5*b - 9. Suppose 0*o - o - t = 2, 0 = -o - 4*t + 13. What is the remainder when 9 is divided by v(o)?
4
Suppose 25 = 2*l + 2*d - d, -2*l - 2*d = -30. Calculate the remainder when 23 is divided by l.
3
Suppose 2*u = u + 4. Suppose u*g + 4 = 40. Suppose 0 = 3*x + 5*h - 78, 4*x =